
79
What is the remainder when 7550 is divided by 64?
62
What is the remainder when 172 is divided by 66?
40
Calculate the remainder when 11766 is divided by 41.
40
What is the remainder when 746 is divided by 25?
21
Calculate the remainder when 44 is divided by 30.
14
Calculate the remainder when 524 is divided by 90.
74
What is the remainder when 43 is divided by 10?
3
What is the remainder when 4705 is divided by 11?
8
Calculate the remainder when 1083 is divided by 91.
82
Calculate the remainder when 184 is divided by 79.
26
Calculate the remainder when 213 is divided by 7.
3
Calculate the remainder when 87 is divided by 39.
9
Calculate the remainder when 1719 is divided by 157.
149
What is the remainder when 439 is divided by 53?
15
Calculate the remainder when 1073 is divided by 6.
5
What is the remainder when 4351 is divided by 1446?
13
What is the remainder when 1145 is divided by 82?
79
Calculate the remainder when 708 is divided by 29.
12
What is the remainder when 137 is divided by 15?
2
Calculate the remainder when 1185 is divided by 371.
72
Calculate the remainder when 444 is divided by 90.
84
Calculate the remainder when 605 is divided by 101.
100
What is the remainder when 51 is divided by 27?
24
What is the remainder when 55 is divided by 7?
6
Calculate the remainder when 2652 is divided by 83.
79
What is the remainder when 58671 is divided by 19?
18
Calculate the remainder when 331 is divided by 167.
164
Calculate the remainder when 94 is divided by 16.
14
Calculate the remainder when 67 is divided by 12.
7
What is the remainder when 68 is divided by 7?
5
Calculate the remainder when 40948 is divided by 18.
16
Calculate the remainder when 284 is divided by 26.
24
Calculate the remainder when 422 is divided by 156.
110
Calculate the remainder when 127 is divided by 47.
33
What is the remainder when 150 is divided by 66?
18
Calculate the remainder when 573 is divided by 25.
23
What is the remainder when 1840 is divided by 2?
0
What is the remainder when 775 is divided by 193?
3
Calculate the remainder when 522 is divided by 62.
26
What is the remainder when 53 is divided by 38?
15
Calculate the remainder when 128 is divided by 32.
0
Calculate the remainder when 176 is divided by 49.
29
What is the remainder when 2618 is divided by 69?
65
What is the remainder when 467 is divided by 82?
57
Calculate the remainder when 4396 is divided by 22.
18
Calculate the remainder when 296 is divided by 50.
46
Calculate the remainder when 2537 is divided by 62.
57
Calculate the remainder when 3013 is divided by 11.
10
Calculate the remainder when 5487 is divided by 322.
13
Calculate the remainder when 112 is divided by 34.
10
Calculate the remainder when 1209 is divided by 88.
65
What is the remainder when 2186 is divided by 53?
13
What is the remainder when 563 is divided by 141?
140
What is the remainder when 91 is divided by 28?
7
Calculate the remainder when 366 is divided by 5.
1
What is the remainder when 270 is divided by 133?
4
Calculate the remainder when 592 is divided by 154.
130
What is the remainder when 301 is divided by 16?
13
What is the remainder when 7556 is divided by 189?
185
What is the remainder when 45 is divided by 13?
6
Calculate the remainder when 178 is divided by 45.
43
What is the remainder when 1373 is divided by 8?
5
Calculate the remainder when 248 is divided by 12.
8
Calculate the remainder when 45 is divided by 5.
0
What is the remainder when 454 is divided by 65?
64
What is the remainder when 456 is divided by 51?
48
What is the remainder when 208 is divided by 14?
12
What is the remainder when 425 is divided by 388?
37
What is the remainder when 5594 is divided by 29?
26
Calculate the remainder when 362 is divided by 121.
120
Calculate the remainder when 201 is divided by 192.
9
What is the remainder when 725 is divided by 10?
5
What is the remainder when 170 is divided by 57?
56
Calculate the remainder when 555 is divided by 149.
108
Calculate the remainder when 195 is divided by 56.
27
Calculate the remainder when 90 is divided by 46.
44
Calculate the remainder when 175 is divided by 11.
10
What is the remainder when 17 is divided by 3?
2
Calculate the remainder when 3914 is divided by 89.
87
Calculate the remainder when 1089 is divided by 10.
9
Calculate the remainder when 166 is divided by 36.
22
Calculate the remainder when 50 is divided by 21.
8
What is the remainder when 2908 is divided by 182?
178
What is the remainder when 1186 is divided by 27?
25
Calculate the remainder when 1384 is divided by 19.
16
Calculate the remainder when 270 is divided by 79.
33
Calculate the remainder when 2980 is divided by 1488.
4
What is the remainder when 573 is divided by 23?
21
Calculate the remainder when 18980 is divided by 41.
38
Calculate the remainder when 432 is divided by 15.
12
Calculate the remainder when 411 is divided by 53.
40
Calculate the remainder when 574 is divided by 32.
30
Calculate the remainder when 58 is divided by 8.
2
Calculate the remainder when 194 is divided by 28.
26
Calculate the remainder when 1215 is divided by 343.
186
What is the remainder when 580 is divided by 65?
60
Calculate the remainder when 109 is divided by 42.
25
What is the remainder when 6791 is divided by 126?
113
Calculate the remainder when 2701 is divided by 25.
1
Calculate the remainder when 1637 is divided by 416.
389
What is the remainder when 188 is divided by 34?
18
What is the remainder when 619 is divided by 180?
79
What is the remainder when 130 is divided by 67?
63
Calculate the remainder when 1546 is divided by 18.
16
What is the remainder when 20577 is divided by 84?
81
Calculate the remainder when 1307 is divided by 8.
3
Calculate the remainder when 191 is divided by 12.
11
Calculate the remainder when 219 is divided by 34.
15
Calculate the remainder when 160 is divided by 82.
78
Calculate the remainder when 172 is divided by 74.
24
Calculate the remainder when 507 is divided by 22.
1
What is the remainder when 454 is divided by 19?
17
Calculate the remainder when 1002 is divided by 193.
37
What is the remainder when 292 is divided by 29?
2
Calculate the remainder when 20747 is divided by 125.
122
Calculate the remainder when 992 is divided by 494.
4
What is the remainder when 47 is divided by 20?
7
Calculate the remainder when 2814 is divided by 93.
24
Calculate the remainder when 611 is divided by 140.
51
What is the remainder when 192 is divided by 57?
21
What is the remainder when 610 is divided by 56?
50
What is the remainder when 764 is divided by 96?
92
Calculate the remainder when 373 is divided by 72.
13
Calculate the remainder when 61 is divided by 27.
7
What is the remainder when 147 is divided by 126?
21
What is the remainder when 124 is divided by 62?
0
Calculate the remainder when 59 is divided by 9.
5
What is the remainder when 1386 is divided by 173?
2
What is the remainder when 3113 is divided by 770?
33
What is the remainder when 33 is divided by 8?
1
What is the remainder when 1236 is divided by 10?
6
Calculate the remainder when 317 is divided by 224.
93
Calculate the remainder when 436 is divided by 93.
64
What is the remainder when 137 is divided by 5?
2
What is the remainder when 328 is divided by 30?
28
Calculate the remainder when 1677 is divided by 40.
37
Calculate the remainder when 1606 is divided by 179.
174
Calculate the remainder when 1315 is divided by 47.
46
What is the remainder when 6 is divided by 4?
2
Calculate the remainder when 74 is divided by 14.
4
What is the remainder when 2767 is divided by 17?
13
Calculate the remainder when 847 is divided by 279.
10
Calculate the remainder when 139 is divided by 18.
13
Calculate the remainder when 1209 is divided by 21.
12
Calculate the remainder when 144 is divided by 29.
28
What is the remainder when 122 is divided by 35?
17
Calculate the remainder when 739 is divided by 51.
25
Calculate the remainder when 4701 is divided by 98.
95
Calculate the remainder when 673 is divided by 220.
13
Calculate the remainder when 2241 is divided by 59.
58
Calculate the remainder when 345 is divided by 104.
33
Calculate the remainder when 835 is divided by 9.
7
What is the remainder when 1378 is divided by 23?
21
What is the remainder whe